{"id":105,"date":"2014-11-28T10:08:11","date_gmt":"2014-11-28T13:08:11","guid":{"rendered":"http:\/\/darksalmon-goshawk-758951.hostingersite.com\/?page_id=105"},"modified":"2020-10-01T18:27:20","modified_gmt":"2020-10-01T21:27:20","slug":"punto-focal-america-latina-y-el-caribe","status":"publish","type":"page","link":"https:\/\/catunescomujer.org\/gisalc\/punto-focal-america-latina-y-el-caribe\/","title":{"rendered":"Punto focal  Am\u00e9rica Latina y el Caribe"},"content":{"rendered":"<div class=\"wpb-content-wrapper\"><p>[vc_row][vc_column]<div class=\"divider_block clearfix page_margin_top\"><hr class=\"divider first\"><hr class=\"divider subheader_arrow\"><hr class=\"divider last\"><\/div>[\/vc_column][\/vc_row][vc_row top_margin=\u00bbpage_margin_top\u00bb css=\u00bb.vc_custom_1438815958585{background-position: 0 0 !important;background-repeat: no-repeat !important;}\u00bb][vc_column width=\u00bb2\/3&#8243;][vc_row_inner][vc_column_inner][vc_column_text]<\/p>\n<ul>\n<li>\n<h4>Creado en julio de 2014 con base en la <span style=\"color: #3366ff;\"><a style=\"color: #3366ff;\" href=\"http:\/\/www.catunescomujer.org\" target=\"_blank\" rel=\"noopener noreferrer\">C\u00e1tedra Regional UNESCO Mujer, Ciencia y Tecnolog\u00eda en Am\u00e9rica Latina<\/a>.<\/span><\/h4>\n<\/li>\n<\/ul>\n<ul>\n<li>\n<h4>Coordinado por Gloria Bonder; su<span style=\"color: #3366ff;\">\u00a0<u><a style=\"color: #3366ff;\" href=\"http:\/\/darksalmon-goshawk-758951.hostingersite.com\/nuestro-grupo-consultor\/\" target=\"_blank\" rel=\"noopener noreferrer\">grupo consultor<\/a><\/u><\/span>\u00a0est\u00e1 integrado por destacadas especialistas de Am\u00e9rica Latina.<\/h4>\n<\/li>\n<\/ul>\n<p>[\/vc_column_text][vc_empty_space]<h3 class=\"box_header\">Sus prop\u00f3sitos son:<\/h3>[vc_empty_space][vc_column_text]<\/p>\n<h4>Promover pol\u00edticas y programas en Ciencia, Innovaci\u00f3n, Tecnolog\u00eda e Ingenier\u00eda (CITI), en Am\u00e9rica Latina y el Caribe (ALC), que estimulen la participaci\u00f3n igualitaria de mujeres y varones en el desarrollo de estos campos.<\/h4>\n<h4><\/h4>\n<h4>Demostrar que la integraci\u00f3n de la perspectiva de g\u00e9nero en la creaci\u00f3n de CITI contribuye a su relevancia, calidad e incidencia en el desarrollo humano y sostenible de la regi\u00f3n.<\/h4>\n<p>[\/vc_column_text][vc_empty_space][vc_single_image image=\u00bb4006&#8243; img_size=\u00bbfull\u00bb css_animation=\u00bbtop-to-bottom\u00bb][\/vc_column_inner][\/vc_row_inner][vc_row_inner top_margin=\u00bbpage_margin_top\u00bb][vc_column_inner]<h3 class=\"box_header\">Estrategia de acci\u00f3n<\/h3>[vc_empty_space][vc_single_image image=\u00bb4007&#8243; img_size=\u00bbfull\u00bb css_animation=\u00bbtop-to-bottom\u00bb][\/vc_column_inner][\/vc_row_inner][\/vc_column][\/vc_row]<\/p>\n<\/div>","protected":false},"excerpt":{"rendered":"<p>[vc_row][vc_column][\/vc_column][\/vc_row][vc_row top_margin=\u00bbpage_margin_top\u00bb css=\u00bb.vc_custom_1438815958585{background-position: 0 0 !important;background-repeat: no-repeat !important;}\u00bb][vc_column width=\u00bb2\/3&#8243;][vc_row_inner][vc_column_inner][vc_column_text] Creado en julio de 2014 con base en la C\u00e1tedra Regional UNESCO Mujer, Ciencia y Tecnolog\u00eda en Am\u00e9rica Latina. Coordinado por Gloria Bonder; su\u00a0grupo consultor\u00a0est\u00e1 integrado por destacadas especialistas de Am\u00e9rica Latina. [\/vc_column_text][vc_empty_space][vc_empty_space][vc_column_text] Promover pol\u00edticas y programas en Ciencia, Innovaci\u00f3n, Tecnolog\u00eda e Ingenier\u00eda (CITI), en Am\u00e9rica<\/p>\n","protected":false},"author":1,"featured_media":0,"parent":0,"menu_order":5,"comment_status":"closed","ping_status":"closed","template":"","meta":{"footnotes":""},"class_list":["post-105","page","type-page","status-publish","hentry"],"_links":{"self":[{"href":"https:\/\/catunescomujer.org\/gisalc\/wp-json\/wp\/v2\/pages\/105","targetHints":{"allow":["GET"]}}],"collection":[{"href":"https:\/\/catunescomujer.org\/gisalc\/wp-json\/wp\/v2\/pages"}],"about":[{"href":"https:\/\/catunescomujer.org\/gisalc\/wp-json\/wp\/v2\/types\/page"}],"author":[{"embeddable":true,"href":"https:\/\/catunescomujer.org\/gisalc\/wp-json\/wp\/v2\/users\/1"}],"replies":[{"embeddable":true,"href":"https:\/\/catunescomujer.org\/gisalc\/wp-json\/wp\/v2\/comments?post=105"}],"version-history":[{"count":68,"href":"https:\/\/catunescomujer.org\/gisalc\/wp-json\/wp\/v2\/pages\/105\/revisions"}],"predecessor-version":[{"id":4438,"href":"https:\/\/catunescomujer.org\/gisalc\/wp-json\/wp\/v2\/pages\/105\/revisions\/4438"}],"wp:attachment":[{"href":"https:\/\/catunescomujer.org\/gisalc\/wp-json\/wp\/v2\/media?parent=105"}],"curies":[{"name":"wp","href":"https:\/\/api.w.org\/{rel}","templated":true}]}}