{"id":109,"date":"2014-11-28T10:09:51","date_gmt":"2014-11-28T13:09:51","guid":{"rendered":"http:\/\/darksalmon-goshawk-758951.hostingersite.com\/?page_id=109"},"modified":"2020-10-01T19:15:02","modified_gmt":"2020-10-01T22:15:02","slug":"genderinsite-global","status":"publish","type":"page","link":"https:\/\/catunescomujer.org\/gisalc\/genderinsite-global\/","title":{"rendered":"Gender<i>InSITE<\/i> Global"},"content":{"rendered":"<div class=\"wpb-content-wrapper\"><p>[vc_row][vc_column]<div class=\"divider_block clearfix\"><hr class=\"divider first\"><hr class=\"divider subheader_arrow\"><hr class=\"divider last\"><\/div>[\/vc_column][\/vc_row][vc_row top_margin=\u00bbpage_margin_top_section\u00bb css=\u00bb.vc_custom_1438716127733{margin-top: 10px !important;}\u00bb][vc_column width=\u00bb2\/3&#8243;][vc_row_inner][vc_column_inner][vc_single_image image=\u00bb2537&#8243; img_size=\u00bbfull\u00bb][vc_custom_heading text=\u00bbMiembros del Comit\u00e9 Directivo de GenderInSITE en la reuni\u00f3n anual de marzo de 2015 en East Sussex (Reino Unido).\u00bb font_container=\u00bbtag:p|font_size:12|text_align:left|color:%23666666&#8243; google_fonts=\u00bbfont_family:Roboto%3A100%2C100italic%2C300%2C300italic%2Cregular%2Citalic%2C500%2C500italic%2C700%2C700italic%2C900%2C900italic\u00bb css=\u00bb.vc_custom_1438722529175{margin-top: 10px !important;margin-right: 10px !important;margin-bottom: 10px !important;margin-left: 10px !important;}\u00bb][\/vc_column_inner][\/vc_row_inner][vc_row_inner][vc_column_inner]<h3 class=\"box_header\">Una iniciativa internacional dedicada a:<\/h3><ul class=\"list page_margin_top clearfix\"><li class=\"bullet style_2 clearfix\">\r\n\t\t\t<span>Promover la participaci\u00f3n de las mujeres en la Ciencia, Innovaci\u00f3n, Tecnolog\u00eda e Ingenier\u00eda (CITI).<\/span><\/li><li class=\"bullet style_2 clearfix\">\r\n\t\t\t<span>Incentivar el desarrollo de una CITI que contribuya a mejorar la calidad de vida de mujeres y varones.<\/span><\/li><\/ul>[vc_empty_space][\/vc_column_inner][\/vc_row_inner][vc_row_inner content_placement=\u00bbtop\u00bb][vc_column_inner]<h3 class=\"box_header\">Metas<\/h3><ul class=\"list page_margin_top clearfix\"><li class=\"bullet style_2 clearfix\">\r\n\t\t\t<span>Concientizar a decisores\/as de pol\u00edticas, l\u00edderes de instituciones cient\u00edficas y centros acad\u00e9micos y educativos sobre la importancia de integrar el enfoque de g\u00e9nero en la CITI para avanzar hacia un desarrollo humano y sostenible.<\/span><\/li><li class=\"bullet style_2 clearfix\">\r\n\t\t\t<span>Demostrar que el an\u00e1lisis de g\u00e9nero en CITI aporta a una mejor comprensi\u00f3n de problem\u00e1ticas clave de las sociedades actuales y a dinamizar \u00e1mbitos productivos y sociales estrat\u00e9gicos.<\/span><\/li><li class=\"bullet style_2 clearfix\">\r\n\t\t\t<span>Difundir conocimientos y evidencias que optimicen el dise\u00f1o de pol\u00edticas y programas innovadores.<\/span><\/li><\/ul>[vc_empty_space][\/vc_column_inner][\/vc_row_inner][vc_row_inner css=\u00bb.vc_custom_1438787089751{border-top-width: 1px !important;border-top-color: #e9e9e9 !important;}\u00bb][vc_column_inner]<h3 class=\"box_header\">Estrategia<\/h3>[vc_column_text]A trav\u00e9s de la promoci\u00f3n y creaci\u00f3n de alianzas con organizaciones de diversas regiones de todo el mundo, GenderInSITE se propone\u00a0dise\u00f1ar\u00a0estrategias para integrar la perspectiva de g\u00e9nero en la CITI para el desarrollo en seis \u00e1reas clave:[\/vc_column_text]<ul class=\"list page_margin_top clearfix\"><li class=\"bullet style_2 clearfix\">\r\n\t\t\t<a href=\"https:\/\/genderinsite.net\/thematic-area\/3\" target=\"_blank\">Agricultura y seguridad alimentaria<\/a><\/li><li class=\"bullet style_2 clearfix\">\r\n\t\t\t<a href=\"https:\/\/genderinsite.net\/thematic-area\/4\" target=\"_blank\">Agua y saneamiento<\/a><\/li><li class=\"bullet style_2 clearfix\">\r\n\t\t\t<a href=\"https:\/\/genderinsite.net\/thematic-area\/5\" target=\"_blank\">Energ\u00eda<\/a><\/li><li class=\"bullet style_2 clearfix\">\r\n\t\t\t<a href=\"https:\/\/genderinsite.net\/thematic-area\/6\" target=\"_blank\">Transporte<\/a><\/li><li class=\"bullet style_4 clearfix\">\r\n\t\t\t<a href=\"https:\/\/genderinsite.net\/thematic-area\/7\" target=\"_blank\">Cambio clim\u00e1tico, desastres naturales y reducci\u00f3n de riesgos<\/a><\/li><li class=\"bullet style_2 clearfix\">\r\n\t\t\t<a href=\"https:\/\/genderinsite.net\/thematic-area\/2\" target=\"_blank\">Educaci\u00f3n cient\u00edfica y fuerza de trabajo<\/a><\/li><\/ul>[\/vc_column_inner][\/vc_row_inner][vc_row_inner top_margin=\u00bbpage_margin_top\u00bb][vc_column_inner]<h3 class=\"box_header\">Puntos Focales Regionales<\/h3>[\/vc_column_inner][\/vc_row_inner][vc_row_inner top_margin=\u00bbpage_margin_top\u00bb][vc_column_inner width=\u00bb1\/2&#8243;][vc_column_text]<\/p>\n<h4><span style=\"color: #4987c5;\"><strong>AFRICA ESTE<\/strong><\/span><\/h4>\n<p><strong>Dr. Peggy Oti-Boateng<\/strong><br \/>\nSenior Programme Specialist for S&amp;T for Africa, UNESCO;<br \/>\nHarare, Zimbabwe<br \/>\nCoordinator, Africa Network of Science and Technology Institutions (ANSTI)<br \/>\nNairobi, Kenya<br \/>\n<a href=\"mailto:p.oti-boateng@unesco.org\" target=\"_blank\" rel=\"noopener noreferrer\">p.oti-boateng@unesco.org<\/a>[\/vc_column_text][\/vc_column_inner][vc_column_inner width=\u00bb1\/2&#8243; top_margin=\u00bbnone\u00bb][vc_column_text]<\/p>\n<h4><span style=\"color: #4987c5;\"><strong>SUD\u00c1FRICA<\/strong><\/span><\/h4>\n<p><strong>Ms. Dorothy Ngila<\/strong><br \/>\nSenior Liaison Officer<br \/>\nAcademy of Science of South Africa (ASSAf)<br \/>\nCape Town, South Africa<br \/>\n<a href=\"mailto:dorothy@assaf.org.za\" target=\"_blank\" rel=\"noopener noreferrer\">dorothy@assaf.org.za<\/a>[\/vc_column_text][\/vc_column_inner][\/vc_row_inner][vc_row_inner top_margin=\u00bbpage_margin_top\u00bb][vc_column_inner width=\u00bb1\/2&#8243;][vc_column_text]<\/p>\n<h4><span style=\"color: #4987c5;\"><strong>AMERICA LATINA Y EL CARIBE<\/strong><\/span><\/h4>\n<p><strong>Dr. Gloria Bonder<\/strong><br \/>\nC\u00e1tedra Regional UNESCO Mujer, Ciencia y Tecnolog\u00eda en Am\u00e9rica Latina<br \/>\nBuenos Aires, Argentina<br \/>\n<a href=\"mailto:catunesco1@flacso.org.ar\" target=\"_blank\" rel=\"noopener noreferrer\">catunesco1@flacso.org.ar<\/a>[\/vc_column_text][\/vc_column_inner][vc_column_inner width=\u00bb1\/2&#8243;][vc_column_text]<\/p>\n<h4><a href=\"http:\/\/www.genderinsite.net\"><span style=\"color: #4987c5;\"><strong>GenderInSITE \u2013 Sede Central\u00a0<\/strong><strong style=\"line-height: 1.5;\">\u2013<\/strong><\/span><\/a><\/h4>\n<p>OWSD Secretariat<br \/>\nICTP Campus<br \/>\nAdriatico Guesthouse, 7th floor<br \/>\n34151 Trieste<br \/>\nItaly<\/p>\n<p>[\/vc_column_text][\/vc_column_inner][\/vc_row_inner][\/vc_column][vc_column width=\u00bb1\/3&#8243;][vc_row_inner][vc_column_inner]<h5 class=\"box_header\">CO-CHAIRS<\/h5>[vc_column_text el_class=\u00bb.smallTxt\u00bb]<strong>Shirley Malcom<br \/>\n<\/strong><span style=\"line-height: 1.5;\">Head, Education and Human Resources, American Association for the Advancement of Science (AAAS); member, Gender Advisory Board, UN Commission on Science and Technology for Development (UNCSTD)<\/span><\/p>\n<p><strong>Fang Xin<br \/>\n<\/strong>Member of Praesidium, Chinese Academy of Sciences (CAS); President, Organization for Women in Science for the Developing World (OWSD)[\/vc_column_text][\/vc_column_inner][\/vc_row_inner][vc_row_inner top_margin=\u00bbpage_margin_top\u00bb][vc_column_inner]<h5 class=\"box_header\">SECRETAR\u00cdA GENERAL<\/h5>[vc_column_text el_class=\u00bb.smallTxt\u00bb]<strong>Alice Abreu<br \/>\n<\/strong><span style=\"line-height: 1.5;\">Acting Director; Professor Emeritus, Federated University of Rio de Janeiro<\/span><\/p>\n<p><strong>Erin Johnson<\/strong><br \/>\nCommunications and Administrative Assistant[\/vc_column_text][\/vc_column_inner][\/vc_row_inner][vc_row_inner top_margin=\u00bbpage_margin_top\u00bb][vc_column_inner]<h5 class=\"box_header\">CONSEJO DIRECTIVO<\/h5>[vc_column_text el_class=\u00bb.smallTxt\u00bb]<strong>Gloria Bonder<br \/>\n<\/strong><span style=\"line-height: 1.5;\">UNESCO Chair on Women in S&amp;T in Latin America, FLACSO<\/span><\/p>\n<p><strong>Tonya Blowers<br \/>\n<\/strong>Programme Coordinator, Organization for Women in Science for the Developing World (OWSD)<\/p>\n<p><strong>Roseanne Diab<br \/>\n<\/strong>Executive Officer, Academy of Science for South Africa (ASSAf)<\/p>\n<p><strong>Mohamed Hassan\u00a0<\/strong><br \/>\nco-Chair, InterAcademy Panel<\/p>\n<p><strong>Sophia Huyer\u00a0<\/strong><br \/>\nFounding Executive Director, Women in Global Science and Technology (WISAT)<\/p>\n<p><strong>Claire Lynga\u00a0<\/strong><br \/>\nResearch Advisor, Unit for Research Cooperation, Swedish International Development Cooperation Agency (Sida)<\/p>\n<p><strong>Diana Malpede\u00a0<\/strong><br \/>\nDivision of Science Policy and Capacity-Building, UNESCO<\/p>\n<p><strong>Romain Murenzi\u00a0<\/strong><br \/>\nExecutive Director, The World Academy of Sciences (TWAS)<\/p>\n<p><strong>Dorothy Ngila\u00a0<\/strong><br \/>\nInternational Liaison Officer, Academy of Science for South Africa (ASSAf)<\/p>\n<p><strong>Geoffrey Oldham\u00a0<\/strong><br \/>\nHonorary Professor, Science Policy Research Unit (SPRU) at University of Sussex; member, Gender Advisory Board, UN Commission on Science and Technology for Development (UNCSTD)<\/p>\n<p><strong>Peggy Oti-Boateng\u00a0<\/strong><br \/>\nAfrican Network of Scientific and Technological Institutions (ANSTI)<\/p>\n<p><strong>Ylann Schemm\u00a0<\/strong><br \/>\nProgram Director and Corporate Responsibility Officer, Elsevier Foundation[\/vc_column_text][\/vc_column_inner][\/vc_row_inner][vc_row_inner top_margin=\u00bbpage_margin_top\u00bb][vc_column_inner]<h5 class=\"box_header\">Nuestros socios<\/h5>[\/vc_column_inner][\/vc_row_inner][vc_images_carousel images=\u00bb2577,2576,2575,2574,2573,2572&#8243; img_size=\u00bbfull\u00bb onclick=\u00bblink_no\u00bb autoplay=\u00bbyes\u00bb hide_pagination_control=\u00bbyes\u00bb wrap=\u00bbyes\u00bb][\/vc_column][\/vc_row]<\/p>\n<\/div>","protected":false},"excerpt":{"rendered":"<p>[vc_row][vc_column][\/vc_column][\/vc_row][vc_row top_margin=\u00bbpage_margin_top_section\u00bb css=\u00bb.vc_custom_1438716127733{margin-top: 10px !important;}\u00bb][vc_column width=\u00bb2\/3&#8243;][vc_row_inner][vc_column_inner][vc_single_image image=\u00bb2537&#8243; img_size=\u00bbfull\u00bb][vc_custom_heading text=\u00bbMiembros del Comit\u00e9 Directivo de GenderInSITE en la reuni\u00f3n anual de marzo de 2015 en East Sussex (Reino Unido).\u00bb font_container=\u00bbtag:p|font_size:12|text_align:left|color:%23666666&#8243; google_fonts=\u00bbfont_family:Roboto%3A100%2C100italic%2C300%2C300italic%2Cregular%2Citalic%2C500%2C500italic%2C700%2C700italic%2C900%2C900italic\u00bb css=\u00bb.vc_custom_1438722529175{margin-top: 10px !important;margin-right: 10px !important;margin-bottom: 10px !important;margin-left: 10px !important;}\u00bb][\/vc_column_inner][\/vc_row_inner][vc_row_inner][vc_column_inner][vc_empty_space][\/vc_column_inner][\/vc_row_inner][vc_row_inner content_placement=\u00bbtop\u00bb][vc_column_inner][vc_empty_space][\/vc_column_inner][\/vc_row_inner][vc_row_inner css=\u00bb.vc_custom_1438787089751{border-top-width: 1px !important;border-top-color: #e9e9e9 !important;}\u00bb][vc_column_inner][vc_column_text]A trav\u00e9s de la promoci\u00f3n y creaci\u00f3n de alianzas con organizaciones de<\/p>\n","protected":false},"author":1,"featured_media":0,"parent":0,"menu_order":4,"comment_status":"closed","ping_status":"closed","template":"","meta":{"footnotes":""},"class_list":["post-109","page","type-page","status-publish","hentry"],"_links":{"self":[{"href":"https:\/\/catunescomujer.org\/gisalc\/wp-json\/wp\/v2\/pages\/109","targetHints":{"allow":["GET"]}}],"collection":[{"href":"https:\/\/catunescomujer.org\/gisalc\/wp-json\/wp\/v2\/pages"}],"about":[{"href":"https:\/\/catunescomujer.org\/gisalc\/wp-json\/wp\/v2\/types\/page"}],"author":[{"embeddable":true,"href":"https:\/\/catunescomujer.org\/gisalc\/wp-json\/wp\/v2\/users\/1"}],"replies":[{"embeddable":true,"href":"https:\/\/catunescomujer.org\/gisalc\/wp-json\/wp\/v2\/comments?post=109"}],"version-history":[{"count":108,"href":"https:\/\/catunescomujer.org\/gisalc\/wp-json\/wp\/v2\/pages\/109\/revisions"}],"predecessor-version":[{"id":6120,"href":"https:\/\/catunescomujer.org\/gisalc\/wp-json\/wp\/v2\/pages\/109\/revisions\/6120"}],"wp:attachment":[{"href":"https:\/\/catunescomujer.org\/gisalc\/wp-json\/wp\/v2\/media?parent=109"}],"curies":[{"name":"wp","href":"https:\/\/api.w.org\/{rel}","templated":true}]}}